-6*m + 35. Calculate l(-6).
71
Let y(b) = 2*b - 4. Give y(4).
4
Let t(d) = -4*d - 2. Determine t(5).
-22
Let y(w) = 72*w + 2. Give y(1).
74
Let z(n) = n**2 + 13*n + 14. Calculate z(-12).
2
Let c(i) = 3*i + 41. What is c(-10)?
11
Let h(x) = -x**3 - 4*x**2 - 21*x - 59. Calculate h(-3).
-5
Let h(f) = -f**3 + 9*f**2 - f + 3. What is h(8)?
59
Let o(y) = 45*y + 1086. Calculate o(-24).
6
Let a(d) = -d**3 - 13*d**2 - 3*d + 15. Give a(-13).
54
Let b(f) = -f**3 + 6*f**2 + f + 21. Determine b(7).
-21
Let t(d) = d**2 + 7*d - 4. Calculate t(0).
-4
Let n(r) = -26*r**2 - 5*r + 7. Give n(-2).
-87
Let a(r) = 2*r - 5. Calculate a(6).
7
Let s(n) = -n**3 - 6*n**2 - n. Give s(-5).
-20
Let f(l) = 7*l - 5. Determine f(4).
23
Let a(t) = -3*t + 46. Calculate a(18).
-8
Let o(k) = -k**2 + 6*k + 3. Give o(3).
12
Let m(k) = -k**3 + 6*k**2 + 6*k - 27. Give m(6).
9
Let d(r) = -2*r**2 + 17*r + 66. Give d(-3).
-3
Let v(z) = z**3 + 4*z**2 + z + 4. What is v(-4)?
0
Let u(p) = 17*p + 33. What is u(0)?
33
Let d(g) = 2*g**2 - 17*g + 18. Give d(1).
3
Let n(u) = 24*u - 3. Determine n(2).
45
Let j(o) = -4*o - 1. Calculate j(-3).
11
Let s(t) = t - 37. Determine s(0).
-37
Let a(g) = -g**2 - 23*g - 27. What is a(-23)?
-27
Let u(x) = -3*x**2 - x + 2. Give u(-2).
-8
Let o(z) = z - 1. Calculate o(-3).
-4
Let w(b) = 2*b**3 + b**2 + 4*b - 3. Determine w(2).
25
Let h(x) = -38*x - 1. Calculate h(-1).
37
Let l(i) = 4*i**2 + 5*i - 9. Calculate l(2).
17
Let k(m) = -44*m + 6. Determine k(-1).
50
Let b(m) = -m**3 + 5*m**2 - 3*m - 2. Give b(4).
2
Let u(o) = 2*o - 19. Give u(9).
-1
Let d(p) = p**2 + 23*p - 45. Determine d(-24).
-21
Let r(x) = 16*x + 11. Calculate r(6).
107
Let l(d) = -34*d**2 - 3*d + 24. What is l(0)?
24
Let v(i) = 6*i**3 + 3*i**2 - 1. What is v(-2)?
-37
Let n(g) = -g**2 + g + 38. Give n(0).
38
Let g(i) = -i**3 + 7*i**2 - 6*i + 18. Give g(6).
18
Let k(s) = 6*s + 66. Give k(-10).
6
Let x(k) = -2*k - 14. Calculate x(11).
-36
Let l(k) = k**3 - k**2 + 28. What is l(0)?
28
Let p(t) = 13*t**2 + 6*t - 16. Calculate p(2).
48
Let t(z) = z**2 - z - 5. Give t(4).
7
Let m(k) = k**2 - 13*k + 6. What is m(12)?
-6
Let z(i) = -i**2 + 15*i + 10. What is z(12)?
46
Let w(r) = -r**3 - 7*r**2 - 6*r + 2. Determine w(-6).
2
Let v(b) = 39*b**2 - 1. Calculate v(1).
38
Let n(a) = a**2 + a + 7. Calculate n(-5).
27
Let o(v) = 21*v + 119. Determine o(-6).
-7
Let v(d) = -8*d + 9. Calculate v(6).
-39
Let j(a) = a**2 + 5*a - 6. What is j(-3)?
-12
Let w(s) = s**3 + s. Give w(0).
0
Let z(t) = 6*t + 35. Determine z(-7).
-7
Let u(m) = m + 27. Determine u(0).
27
Let w(m) = -m**2 + 8*m + 3. Give w(11).
-30
Let p(k) = -k**3 + 4*k**2 - k. Determine p(4).
-4
Let f(t) = t**2 + 24*t - 275. Give f(8).
-19
Let c(t) = t**2 - 6*t - 11. Determine c(13).
80
Let k(f) = 5*f + 2. Give k(-2).
-8
Let q(o) = -o**2 + 15*o + 3. Calculate q(12).
39
Let k(v) = -5*v + 6. What is k(6)?
-24
Let c(l) = -l**3 - 21*l**2 + 26*l + 14. Calculate c(-22).
-74
Let n(j) = j**3 - j**2 - 4. Give n(-2).
-16
Let m(p) = 8*p - 58. Determine m(7).
-2
Let p(t) = 81*t - 822. Determine p(10).
-12
Let l(j) = -2*j**2 - 29*j - 82. What is l(-11)?
-5
Let f(i) = -i**3 + 19*i**2 - 17*i - 25. What is f(18)?
-7
Let c(z) = 3*z + 13. What is c(-5)?
-2
Let f(u) = u**3 - 37*u**2 - 37*u - 35. What is f(38)?
3
Let z(k) = k - 12. Determine z(7).
-5
Let r(n) = -n**3 + 6*n**2 - 6*n. Determine r(5).
-5
Let x(l) = l**3 + 23*l**2 - 24*l + 4. Give x(-24).
4
Let y(g) = 2*g**2 + 13*g - 35. Determine y(-9).
10
Let g(l) = 4*l + 5. Calculate g(-1).
1
Let o(z) = -z**3 - 6*z**2 + 7*z + 15. Determine o(-7).
15
Let c(d) = 39*d + 32. What is c(-1)?
-7
Let u(x) = x**3 + x**2 - x. What is u(-2)?
-2
Let d(f) = f - 3. Give d(6).
3
Let u(r) = r**3 + r**2 + r. Determine u(-3).
-21
Let y(u) = u**3 - 13*u**2 - 3*u + 1. Calculate y(13).
-38
Let f(z) = 6*z + 3. Give f(-4).
-21
Let c(o) = 4*o + 13. What is c(-7)?
-15
Let v(a) = -6*a + 10. Calculate v(3).
-8
Let q(t) = 7*t**2 + 2*t - 4. Give q(2).
28
Let q(k) = k + 7. Determine q(7).
14
Let d(s) = 2*s**2 - s + 144. Give d(0).
144
Let m(h) = h**3 + 4*h**2 + 2. What is m(-4)?
2
Let r(g) = g**3 - 20*g**2 - 17*g - 58. Give r(21).
26
Let x(y) = y**3 + 8*y**2 - 3. Give x(-8).
-3
Let w(l) = 63*l + 623. What is w(-10)?
-7
Let j(w) = -w**2 - 10*w + 58. Calculate j(0).
58
Let y(u) = u + 1. Give y(6).
7
Let b(t) = 5*t + 21. Calculate b(-12).
-39
Let m(r) = r**3 - 6*r**2 + 3*r + 8. What is m(4)?
-12
Let w(a) = -a**2 + 14*a - 33. Calculate w(4).
7
Let i(s) = -62*s + 72. Determine i(3).
-114
Let k(v) = -2*v**2 - 6*v + 5. Give k(-5).
-15
Let n(t) = -2*t - 14. What is n(8)?
-30
Let o(k) = -18*k + 6. Give o(4).
-66
Let j(o) = -o**3 + 11*o**2 + 10*o + 17. Give j(12).
-7
Let y(u) = 5*u + 140. Give y(-23).
25
Let v(l) = l**2 - 7*l + 10. Give v(7).
10
Let c(n) = n**2 - 18*n - 34. Determine c(20).
6
Let o(g) = 4*g + 13. Give o(19).
89
Let f(k) = 2*k**3 - 16*k**2 + 3*k - 12. Calculate f(8).
12
Let x(m) = -m**3 - 16*m**2 + 37*m - 17. Give x(-18).
-35
Let d(v) = -3*v - 13. Determine d(-2).
-7
Let b(q) = -4*q**2 + 43*q + 8. Determine b(9).
71
Let y(z) = -2*z**2 + z. Give y(2).
-6
Let w(s) = s**3 - 3*s**2 - 10*s. What is w(5)?
0
Let g(p) = p**2 + 8*p + 5. Give g(-6).
-7
Let d(x) = -40*x - 2. Determine d(1).
-42
Let g(s) = -3*s + 4. Calculate g(-2).
10
Let f(h) = 4*h**2 + 23*h + 61. Give f(-3).
28
Let o(j) = 2*j + 1. Determine o(-1).
-1
Let p(h) = h**2 - 5*h - 79. Give p(11).
-13
Let q(m) = -2*m + 31. Determine q(-3).
37
Let q(s) = -s**2 - 12*s + 49. Give q(-11).
60
Let g(z) = z**2 + 13*z + 6. Calculate g(-13).
6
Let q(a) = a**3 - 11*a**2 + a - 26. Determine q(11).
-15
Let r(w) = 2*w**2 - 3*w - 2. Calculate r(-3).
25
Let h(g) = g + 6. What is h(-6)?
0
Let l(u) = -2*u**2 - 2*u + 5. Calculate l(-3).
-7
Let l(m) = -20*m - 240. What is l(-9)?
-60
Let u(o) = -o**3 - 12*o**2 - 34*o + 8. What is u(-6)?
-4
Let v(h) = h**3 + 4*h**2 + 4*h + 3. Give v(-2).
3
Let r(w) = w**2 + 9*w + 73. What is r(-6)?
55
Let u(s) = 9*s - 3. Calculate u(-4).
-39
Let o(u) = u**3 - 3*u**2 - u + 1. Calculate o(-3).
-50
Let v(a) = a - 8. Give v(-5).
-13
Let h(o) = 2*o - 29. Calculate h(19).
9
Let t(w) = -w**3 - 6*w**2 + 2*w + 1. Calculate t(-6).
-11
Let t(w) = -7*w - 48. Calculate t(-6).
-6
Let k(y) = 3*y**2 - 2*y - 2. Calculate k(-2).
14
Let g(t) = -2*t**2 + t + 8. Calculate g(6).
-58
Let q(y) = -y**2 - 13*y - 22. Calculate q(-12).
-10
Let a(h) = 2*h**2 + 8*h + 4. Calculate a(-3).
-2
Let w(h) = 8*h - 31. What is w(5)?
9
Let o(w) = 6*w**2 - 44*w + 8. Determine o(7).
-6
Let v(a) = a**2 + 28*a + 63. Calculate v(-25).
-12
Let k(t) = 5*t - 32. What is k(-5)?
-57
Let k(c) = -c**2 + c - 10. What is k(0)?
-10
Let d(x) = 2*x**2 + 33*x - 135. Give d(-20).
5
Let j(r) = 5*r - 27. Calculate j(11).
28
Let r(g) = g**3 - 2*g**2 - 3*g. Determine r(-3).
-36
Let t(b) = -b**3 - 5*b**2 + 2*b + 7. Give t(-5).
-3
Let n(d) = -5*d**2 + 3*d + 1. Give n(-2).
-25
Let t(r) = -r**2 + 13*r - 3. What is t(10)?
27
Let u(x) = -23*x - 5. What is u(-1)?
18
Let m(j) = 10*j + 13. Give m(2).
33
Let w(u) = u - 14. What is w(-11)?
-25
Let q(g) = g + 9. Determine q(-3).
6
Let s(m) = m**2 + 3*m - 2. What is s(4)?
26
Let a(k) = k**2 + 18*k + 19. What is a(-17)?
2
Let s(w) = w + 1. Give s(-4).
-3
Let d(f) = -2*f**3 + 7*f**2 - 5*f + 2. Give d(4).
-34
Let i(v) = -7*v**2 - 5*v - 3. What is i(-3)?
-51
Let r(p) = p**2 - p - 49. Determine r(8).
7
Let d(c) = -c**2 + 8*c - 4. Determine d(9).
-13
Let w(z) = z**3 - 5*z**2 + z - 7. Calculate w(6).
35
Let n(u) = u**3 + 13*u**2 + 21*u - 7. Give n(-11).
4
Let n(x) = -3*x**2 + 33*x + 22. Give n(12).
-14
Let c(x) = -x**3 + 2*x**2 + 14*x + 4. Calculate c(5).
-1
Let p(j) = -44*j - 29. What is p(-2)?
59
Let t(w) = -3*w + 2. What is t(1)?
-1
Let q(w) = -w**2 - 2*w + 30. Determine q(-6).
6
Let a(x) = -2*x - 5. What is a(-3)?
1
Let k(x) = x**2 + 46*x + 90. Calculate k(-2).
2
Let q(u) = 2*u**3 - 24*u**2 + 3*u - 39. Give q(12).
-3
Let n(c) = 2*c**2 + 10*c + 17. What is n(-2)?
5
Let m(o) = -o**2 - 22*o + 241. Give m(-30).
1
Let o(d) = -d**3 - 11*d**2 - 9*d + 8. Calculate o(-10).
-2
Let m(h) = -3*h**2 + 210*h + 6. Calculate m(70).
6
Let z(v) = -3*v - 13. Determine z(0).
-13
Let c(l) = 3*l**2 - l. Determine c(1).
2
Let x(s) = s - 40. What is x(0)?
-40
Let d(n) = -2*n**3 - 17*n**2 - 25*n - 130. Determine d(-8).
6
Let v(d) = -d**3 - 